ctors of 419414?
2, 209707
List the prime factors of 11169224.
2, 11, 126923
List the prime factors of 290987.
290987
List the prime factors of 4201214.
2, 2100607
What are the prime factors of 1101341?
1101341
List the prime factors of 23434582.
2, 11717291
What are the prime factors of 8602611?
3, 19, 37, 4079
What are the prime factors of 31916130?
2, 3, 5, 1063871
List the prime factors of 2046997.
859, 2383
List the prime factors of 234622.
2, 73, 1607
List the prime factors of 11580633.
3, 19, 67723
What are the prime factors of 1508994?
2, 3, 83833
What are the prime factors of 29333142?
2, 3, 23, 70853
List the prime factors of 62098.
2, 61, 509
List the prime factors of 23833586.
2, 7, 263, 6473
List the prime factors of 1372227.
3, 67, 6827
What are the prime factors of 61942?
2, 30971
What are the prime factors of 2203886?
2, 19, 59, 983
What are the prime factors of 8310856?
2, 281, 3697
List the prime factors of 645638.
2, 7, 107, 431
What are the prime factors of 3181082?
2, 1590541
What are the prime factors of 115482?
2, 3, 19, 1013
List the prime factors of 161535.
3, 5, 11, 89
What are the prime factors of 7021788?
2, 3, 585149
List the prime factors of 7366548.
2, 3, 7, 87697
What are the prime factors of 7353021?
3, 13, 14503
List the prime factors of 8607219.
3, 17, 168769
List the prime factors of 8155660.
2, 5, 407783
What are the prime factors of 1636602?
2, 3, 11, 137, 181
List the prime factors of 66404.
2, 13, 1277
What are the prime factors of 5181358?
2, 7, 13, 83
List the prime factors of 2995569.
3, 110947
List the prime factors of 1154142.
2, 3, 11, 29, 67
List the prime factors of 5506199.
5506199
List the prime factors of 145446.
2, 3, 7, 3463
List the prime factors of 10469663.
10469663
List the prime factors of 103400.
2, 5, 11, 47
What are the prime factors of 201367?
59, 3413
List the prime factors of 152321.
13, 11717
List the prime factors of 1333905.
3, 5, 17, 5231
What are the prime factors of 19604689?
13, 17, 43, 2063
List the prime factors of 8160889.
11, 73, 10163
List the prime factors of 1099962.
2, 3, 53, 1153
List the prime factors of 777494.
2, 127, 3061
List the prime factors of 192567.
3, 64189
List the prime factors of 3323324.
2, 31, 26801
What are the prime factors of 896739?
3, 271, 1103
List the prime factors of 6887067.
3, 11, 208699
List the prime factors of 7063787.
53, 133279
List the prime factors of 99333.
3, 13, 283
List the prime factors of 232623.
3, 25847
List the prime factors of 53518.
2, 26759
List the prime factors of 573988.
2, 17, 23, 367
List the prime factors of 501530.
2, 5, 50153
List the prime factors of 16107458.
2, 199, 40471
List the prime factors of 3240718.
2, 13, 124643
List the prime factors of 187696.
2, 11731
List the prime factors of 967656.
2, 3, 23, 1753
What are the prime factors of 10606908?
2, 3, 13, 67993
What are the prime factors of 36252456?
2, 3, 19, 107, 743
List the prime factors of 1497861.
3, 166429
What are the prime factors of 1351155?
3, 5, 13, 41
What are the prime factors of 408335?
5, 81667
What are the prime factors of 1632423?
3, 13, 19, 2203
List the prime factors of 26779827.
3, 8926609
What are the prime factors of 2907032?
2, 363379
List the prime factors of 181784.
2, 31, 733
What are the prime factors of 1274937?
3, 31, 13709
List the prime factors of 197805.
3, 5, 13187
What are the prime factors of 37790947?
37790947
List the prime factors of 5759663.
7, 13, 167, 379
What are the prime factors of 21705533?
3469, 6257
List the prime factors of 351353.
43, 8171
What are the prime factors of 156187?
313, 499
List the prime factors of 6632314.
2, 13, 53, 4813
What are the prime factors of 1084103?
1084103
List the prime factors of 7287719.
449, 16231
List the prime factors of 118825.
5, 7, 97
What are the prime factors of 5350413?
3, 29, 89, 691
What are the prime factors of 23752348?
2, 5938087
What are the prime factors of 2743506?
2, 3, 152417
List the prime factors of 498174.
2, 3, 79, 1051
List the prime factors of 7412.
2, 17, 109
List the prime factors of 16339956.
2, 3, 181, 7523
List the prime factors of 4972521.
3, 41, 40427
What are the prime factors of 724438?
2, 11, 13, 17, 149
List the prime factors of 4314736.
2, 17, 29, 547
What are the prime factors of 21852730?
2, 5, 1091, 2003
List the prime factors of 10994616.
2, 3, 19, 47
List the prime factors of 11479326.
2, 3, 1913221
List the prime factors of 4607054.
2, 67, 34381
List the prime factors of 14063918.
2, 11, 639269
List the prime factors of 2581779.
3, 860593
What are the prime factors of 3239073?
3, 359897
What are the prime factors of 28702356?
2, 3, 2391863
List the prime factors of 6918900.
2, 3, 5, 23063
List the prime factors of 3719489.
1051, 3539
What are the prime factors of 1324199?
1324199
List the prime factors of 458564.
2, 114641
List the prime factors of 2282249.
2282249
What are the prime factors of 14459222?
2, 7229611
List the prime factors of 15384244.
2, 227, 16943
List the prime factors of 1246975.
5, 31, 1609
List the prime factors of 3271708.
2, 11, 74357
What are the prime factors of 46594?
2, 23297
List the prime factors of 2403906.
2, 3, 400651
What are the prime factors of 1713577?
251, 6827
What are the prime factors of 1640215?
5, 328043
What are the prime factors of 660903?
3, 220301
List the prime factors of 654960.
2, 3, 5, 2729
What are the prime factors of 23790851?
7, 389, 8737
What are the prime factors of 7016403?
3, 23, 61, 1667
What are the prime factors of 5262567?
3, 1754189
What are the prime factors of 22910532?
2, 3, 439, 4349
What are the prime factors of 1809722?
2, 904861
What are the prime factors of 541962?
2, 3, 30109
What are the prime factors of 7486300?
2, 5, 43, 1741
List the prime factors of 106984.
2, 43, 311
List the prime factors of 202172.
2, 50543
What are the prime factors of 435773?
13, 33521
What are the prime factors of 10659532?
2, 13, 19, 10789
What are the prime factors of 13420093?
13420093
List the prime factors of 256573.
47, 53, 103
What are the prime factors of 41190?
2, 3, 5, 1373
List the prime factors of 721934.
2, 83, 4349
What are the prime factors of 20972700?
2, 3, 5, 7, 3329
List the prime factors of 2684766.
2, 3, 7, 97, 659
What are the prime factors of 3345791?
433, 7727
What are the prime factors of 6224906?
2, 421, 7393
What are the prime factors of 6322266?
2, 3, 17, 71, 97
What are the prime factors of 94669?
41, 2309
List the prime factors of 407690.
2, 5, 59, 691
What are the prime factors of 159286?
2, 73, 1091
What are the prime factors of 184134?
2, 3, 30689
List the prime factors of 41715.
3, 5, 103
What are the prime factors of 157270?
2, 5, 15727
What are the prime factors of 30772841?
11, 263, 967
List the prime factors of 2069784.
2, 3, 17, 19, 89
What are the prime factors of 1333065?
3, 5, 181, 491
List the prime factors of 1689331.
7, 241333
What are the prime factors of 214773?
3, 13, 5507
List the prime factors of 15703442.
2, 29, 270749
What are the prime factors of 3500383?
3500383
List the prime factors of 707351.
19, 59, 631
List the prime factors of 15245829.
3, 149, 11369
What are the prime factors of 4812820?
2, 5, 240641
What are the prime factors of 109290?
2, 3, 5, 3643
What are the prime factors of 2402898?
2, 3, 557, 719
What are the prime factors of 1558375?
5, 7, 13, 137
What are the prime factors of 242070?
2, 3, 5, 8069
What are the prime factors of 19457841?
3, 13, 61, 8179
What are the prime factors of 4333472?
2, 11, 13, 947
List the prime factors of 28927.
28927
What are the prime factors of 3690405?
3, 5, 82009
List the prime factors of 4965001.
4965001
List the prime factors of 7685913.
3, 127, 20173
What are the prime factors of 43428?
2, 3, 7, 11, 47
List the prime factors of 288854.
2, 144427
What are the prime factors of 10440?
2, 3, 5, 29
What are the prime factors of 4414226?
2, 2207113
What are the prime factors of 7270381?
53, 137177
List the prime factors of 1497229.
1497229
List the prime factors of 31225.
5, 1249
List the prime factors of 3296088.
2, 3, 45779
What are the prime factors of 40109?
19, 2111
List the prime factors of 173424.
2, 3, 3613
List the prime factors of 4284869.
41, 2549
What are the prime factors o